+ (0 - (6 - -2)) + 13.
3
What is the value of -1 - -11 - (-10 - -21)?
-1
-15 + (4 + -9 - -12)
-8
0 + -1 + (-2 - -2)
-1
Calculate 5 + -9 + 5 + -1 - -3.
3
Evaluate (-7 - (1 - 3)) + 2.
-3
What is the value of 0 + 1 + (1 - 2) + 2?
2
0 - (4 - (-4 + (5 - 2)))
-5
What is the value of -9 + 4 - (-1 - 1)?
-3
Calculate 2 - (0 - 1) - 3 - 2.
-2
What is the value of 4 + -2 + -8 - (2 + -1)?
-7
Evaluate -2 - (-1 + 5 - 3) - -6.
3
What is -6 - -5 - (0 - 2)?
1
What is (0 - -8) + (29 - 34)?
3
What is the value of 11 + -2 + -5 - -4?
8
Calculate (5 - 0) + 7 + -6.
6
-2 - (1 + (4 - 2 - 3))
-2
What is the value of (-8 - -13) + (-6 - -1)?
0
Calculate 37 + -34 + 2 + -1 + 0.
4
(-4 - -5) + 1 + 0
2
-5 + (5 - -5) - 1
4
What is the value of -35 + 28 + (-1 - -2 - -2)?
-4
Evaluate (0 - 0 - (6 + -5)) + -5.
-6
Calculate 0 - ((-8 - -2) + 2).
4
Calculate -2 + 5 - (1 + -1) - 2.
1
What is (1 - (-5 - -1)) + -13 - -6?
-2
Evaluate -92 + 89 + (2 - 1).
-2
What is -4 + (0 - (1 + -6)) - -2?
3
19 - 15 - (-3 - -3)
4
Evaluate 6 - (3 + -5 - -4).
4
Evaluate 2 - (2 + 0 + 1).
-1
What is the value of 11 - ((12 - 7) + 0)?
6
0 + 1 - (3 + (-7 - -3))
2
-4 + (-5 - 1) + 8
-2
Evaluate -3 - -4 - 9 - -6.
-2
What is the value of -2 - 1 - (-12 + 2 - -6)?
1
Evaluate -5 + (2 - 0) + -1.
-4
Calculate -105 + 105 - (1 + (0 - 5)).
4
-3 + -7 + -1 + 3 + 2
-6
What is 0 + (0 - 5) + (-6 - -11)?
0
What is the value of 22 + 5 + -16 + -7 + 1?
5
Evaluate (4 - 0) + (-11 - -4 - -3).
0
Evaluate 3 + 0 + 2 + -4.
1
Evaluate 7 + -3 + -6 - 1.
-3
What is 1 - -5 - (4 + 4)?
-2
What is the value of 1 + (-6 - -7) + -6?
-4
Calculate (-3 - (-7 + 3)) + -1.
0
What is (14 - (0 - -7)) + -4?
3
What is the value of -105 + 110 + (0 - 4 - 0)?
1
Evaluate -5 + (4 - -1) - (1 + 0).
-1
Evaluate (4 - -1) + (3 - 3).
5
What is -2 - -2 - (0 - (-6 - -2))?
-4
What is -1 - -1 - 4 - (-155 + 150)?
1
What is -1 + -9 + 10 + -1?
-1
What is 8 - 1 - (1 + -2) - 3?
5
What is the value of -2 - -3 - -4 - (-1 + 1)?
5
What is the value of -2 + -1 - (-6 + 9 + 0)?
-6
What is the value of -7 - (-1 - 4) - 0?
-2
Evaluate -1 - 0 - -6 - (-2 - -6).
1
What is the value of 12 + -10 - (-3 + -3)?
8
Calculate 5 - 3 - 8 - 0.
-6
Evaluate 14 - 12 - -4 - (1 + 1).
4
(-1 - -4 - 0) + 1
4
What is -4 - (-7 - (-3 - 1))?
-1
Evaluate 5 + 2 - 3 - 0.
4
(-3 - (8 + -18)) + 2 + 0
9
What is 16 - 16 - (-3 + 5 + -2)?
0
Calculate -2 - (5 - 4) - -2.
-1
-2 + (-2 - -2) + 4 + 0
2
Calculate -1 - -3 - (21 - 15) - -6.
2
What is the value of 0 - (0 - -6 - 3)?
-3
(2 - 2) + -2 - (-2 + 4)
-4
Evaluate 12 + (-6 - (-8 + 7)).
7
Calculate -3 - (5 - 4) - -4.
0
What is 5 + 0 - ((-4 - 1) + 7)?
3
-13 + (16 - 5) + -3
-5
What is the value of 4 + (3 - 8 - 0)?
-1
What is -51 + 53 + 1 + 1 + 0?
4
What is the value of -2 + 8 + -2 - 5?
-1
214 + -222 + 3 + 0
-5
Evaluate -8 + -3 + 8 - -3.
0
Evaluate 0 + (-1 - -1) - (-7 + 7).
0
What is the value of 0 - -1 - 4 - (-21 + 27)?
-9
What is the value of -6 - 0 - -6 - -1?
1
Evaluate 2 - 1 - (-1 + (-2 - 2)).
6
0 + (0 + 1 - 2)
-1
-4 - (5 - (-5 + -2 + 17))
1
Evaluate 3 + ((1 - -1) + -6 - -2).
1
What is -6 + (-2 + -1 - -5) + 8?
4
What is the value of -10 + (4 - 4) - -7?
-3
Evaluate -11 - ((-27 - -7) + 10).
-1
What is the value of (-2 - 5 - -4) + -4?
-7
What is 10 + (-3 - (10 + -8))?
5
Calculate 3 - (9 + 1) - -2.
-5
What is (3 + -15 - 0) + 12?
0
Evaluate 4 + -2 - (-2 - (0 + -4)).
0
What is the value of -1 + 0 + -5 + 7 - 1?
0
What is the value of 9 + -15 + 2 + 9?
5
Evaluate -12 - ((1 - -3) + -12).
-4
What is (17 - 31) + (12 - 2)?
-4
4 + -4 + (-6 - -2)
-4
What is the value of 5 - ((4 - -2) + -2)?
1
Calculate -1 + -2 - (2 - (5 - -2)).
2
What is the value of -2 + -2 + 9 + -2 + -8?
-5
Evaluate (-36 - -40) + 0 + 0 + 1.
5
What is 2 + -4 + -2 + 5?
1
Calculate -6 + (0 - (0 - (5 - 4))).
-5
Calculate (47 + -53 - (-13 - -1)) + -1.
5
What is the value of -8 + 3 - (-5 + 1) - -3?
2
What is -3 - (4 - (5 + -2)) - -2?
-2
What is the value of -9 - (4 - 4) - -15?
6
What is -6 - 0 - (-15 + 10 - 9)?
8
What is the value of 6 - -1 - 4 - -1 - -1?
5
What is 4 + (0 - 3) + -3?
-2
(0 - -16) + (-15 - -41 - 35)
7
What is (-2 - -1 - 2) + 1 + 2?
0
What is the value of 2 + -10 + 4 - -5?
1
2 + (-3 - 11) - -8
-4
Evaluate (-27 - -29) + -7 + 0.
-5
What is (3 - 6 - -5) + -7?
-5
Calculate (0 - 1) + 7 + -1.
5
What is the value of 3 - 1 - 1 - -1?
2
What is the value of 9 + (6 + 1 + -12 - -5)?
9
What is the value of 4 - 5 - (3 - 2)?
-2
Evaluate 11 + -1 - (4 + 2).
4
What is the value of -1 - (9 - 11 - 1)?
2
What is (2 - 7 - (-1 - -2)) + 5?
-1
9 + -3 - (6 + 4) - -1
-3
What is -11 + (-10 - (3 - 16))?
-8
What is 5 + (-9 - -9) + -5?
0
What is (325 - 330) + (-1 - -1 - -1)?
-4
What is the value of (-1 - 0) + 0 + 5?
4
What is 0 + (-8 - (1 + -4)) - -2?
-3
Calculate (0 - 1 - -5) + (-5 - -3).
2
Evaluate -6 - -2 - (-10 + 6) - 6.
-6
Evaluate -7 + (7 - 3 - 1).
-4
What is the value of 0 + -11 + 13 + -5 + -3?
-6
Calculate (4 - 3 - 1) + -5 + 10.
5
-3 + 8 + -4 + 2
3
(1 - (10 - 5)) + 0 + 2
-2
Evaluate -4 - -2 - (0 + (2 - 7)).
3
Calculate (-5 - (-2 + 2)) + (1 - -2).
-2
-1 - (-7 - (-6 + 1) - 3)
4
Calculate -6 + (0 - 2 - (0 - 3)).
-5
Evaluate (5 + -8 - 3) + 15.
9
-2 + 1 + (12 - 1 - 4)
6
What is -1 + -2 + -31 + 34?
0
What is the value of 0 + ((-7 - -4) + 3 - 3)?
-3
What is the value of 2 + (-2 - -4) + -1?
3
What is the value of -6 - (-5 - (2 + -8))?
-7
Evaluate (9 + -16 - (1 + -6)) + -2.
-4
122 - 121 - (-4 - 1)
6
What is the value of 0 - (-9 + 5 + -1 - -5)?
0
0 + -1 + (2 - 3 - -2)
0
Calculate 3 + -14 - (10 + -8 + -7).
-6
Evaluate 5 + (0 - 0) - (-51 - -55).
1
What is the value of -24 + 2 + (21 - 9)?
-10
Calculate 0 + ((3 - -2) + -4 - -2).
3
Calculate 1 + (-7 - 0 - (0 - 3)).
-3
What is -5 - (-6 + (6 - (3 - -1)))?
-1
Calculate (2 + -15 - -7) + 6.
0
What is -6 - (5 - (-5 + 13))?
-3
What is the value of (-4 - 0) + (-78 - -89)?
7
Evaluate -8 - -1 - (-4 + -6).
3
-1 + 2 + 0 - (-22 - -27)
-4
Calculate 0 + -5 - (1 - (0 + 5)).
-1
0 + (-6 - (-3 + 4 - 9))
2
Calculate -1 - (-3 + 2) - -1 - 5.
-4
What is the value of 3 + (-1 - (-1 - -2))?
1
Evaluate 1 + -4 + 3 + 5 + -2.
3
What is the value of -2 + -8 + 2 + 4?
-4
(13 - 3) + 5 + -24
-9
-5 + -3 + 8 + -3
-3
What is (0 - 10) + 7 - 2?
-5
Calculate (3 - -17) + (-5 - 7).
8
-2 + (1 - -5 - 0)
4
Calculate -3 + (-4 - -2) - (1 + -2).
-4
What is the value of 0 - (-2 - -3 - -1)?
-2
What is the value of 2 + (1 - -1) - (1 - -2)?
1
Calculate (-16 + 6 - -7) + 1 + -1.
-3
What is -2 + 16 + -14 + -9?
-9
Evaluate 13 - (-1 + 8) - 9.
-3
Evaluate -6 - (-2 - -4 - 6).
-2
Calculate -6 - (-4 + -8 - -5).
1
What is the value of (4 - 7) + -2 + -3?
-8
What is -2 - (15 + -12) - (-1 - -2)?
-6
Evaluate 2 + -5 + (3 - -3).
3
Evaluate 14 - (8 - 8 - -4) - 7.
3
What is (-8 - -2) + 4 + -2?
-4
Evaluate (-1 - 0) + 3 + (-2 - 0).
0
What is -3 + 4 + 0 - -4 - 9?
-4
Evaluate (-2 + 2 - 2) + (0 - -4).
2
What is the value of 15 - 11 - (1 - 1)?
4
Evaluate (-7 + 5 - -8) + 2 - 15.
-7
What is the value of (-1 - (-2 + 4)) + 2 + -4?
-5
Calculate 7 - (0 + -1 - -6).
2
6 - 2 - (0 - -2)
2
What is (4 - (10 + -1) - -1) + -2?
-6
Evaluate 1 + -5 - ((9 - 12) + 3).
-4
Calculate 17 + -14 + -7 - 7.
-11
What is 5 + 6 - (-6 - -26)?
-9
Evaluate (-4 - -3) + 2 + 5 + -3.
3
Calculate (-1 - (2 + -8)) + -4.
1
What is the value of 1 + 2 - 1 - 1?
1
(1 - (-3 - -1)) + 14 + -15
2
What is the value of 25 + -29 - (2 + -7)?
1
Calculate (-7 - (-11 + 16)) + 9.
-3
Evaluate -4 - (0 - (-1 + 3)) - -2.
0
What is 14 - 14 - 4 - (0 + -11)?
7
What is 1 + -5 + -6 + 9?
-1
Evaluate -5 - (0 + 0 - 8).
3
1 + 0 + (-6 - -13) + -3
5
What is 0 - (31 - 13 - 14)?
-4
What is the value of -4 + (0 - (-4 + -1 + -3))?
4
What is the value of 5 + -3 + (-2 - -2)?
2
What is -5 - (0 + -3 + 0)?
-2
Calculate -9 - -6 - (-12 + (3 - 0)).
6
Evaluate 0 + 1 - (-1 - -2).
0
Evaluate 12 - (-9 + 8 + 6).
7
Calculate -8 + (20 + -27 - (-19 + 0)).
4
Evaluate -2 + (2 - (5 + -2)).
-3
(2 - -1 - 1) + 11 + -7
6
Evaluate 6 + -13 + (1 - -2).
-4
What is -2 + -2 + -1 + 4?
-1
Calculate 2 + 0 + (-3 - 0).
-1
What is the value of -9 - (-13 + (9 - 3))?
-2
What is 6 + -6 - (2 + (6 - 4))?
-4
-7 + 22 + 2 + -9
8
Evaluate 4 + (4 - (2 - (4 - 9))).
1
What is (5 - (8 - 7)) + 2?
6
-9 - (-5 + -1) - -1
-2
What is (-22 - -1) + 8 - (1 - 7)?
-7
Evaluate (-19 - -10) + 17 - 1.
7
What is the value of 7 - (0 - -11) - (-2 - 0)?
-2
What is the value of 0 + 1 - (-6 - -3 - -2)?
2
What is -2 -